-44626055 (base 8) to base 9
-20130528
Convert 3021467 (base 11) to base 10.
5345853
1101010101100010000000 (base 2) to base 10
3496064
67598 (base 11) to base 14
27951
Convert -d1dc7a (base 14) to base 5.
-3302141020
121510104 (base 6) to base 12
942334
Convert -7857578 (base 9) to base 2.
-10000001000111011001111
What is 57690 (base 11) in base 6?
1441511
What is 10000001010021 (base 3) in base 13?
43b091
-26666 (base 14) to base 11
-65056
What is 23310 (base 8) in base 4?
2123020
What is -327c89 (base 15) in base 14?
-468a8d
What is -1111011011100000 (base 2) in base 3?
-10012200202
Convert 24a21 (base 13) to base 2.
10000100000101011
What is 15997 (base 14) in base 15?
11023
Convert 43432 (base 16) to base 8.
1032062
-2955346 (base 10) to base 2
-1011010001100001010010
Convert -224929 (base 12) to base 13.
-1621bc
183772 (base 11) to base 14
75254
What is -460446 (base 8) in base 3?
-21220220122
Convert 119bbb (base 14) to base 3.
1010122111212
Convert 20421515 (base 9) to base 12.
3354958
6003321 (base 7) to base 8
2545015
What is -1101100010101011 (base 2) in base 12?
-28123
What is -2640541 (base 7) in base 12?
-1482aa
Convert -1010010010101011101 (base 2) to base 8.
-1222535
What is 2203433424 (base 5) in base 8?
22073667
Convert 11110110110001100111010 (base 2) to base 14.
1106cb0
Convert -575a09 (base 11) to base 16.
-df8a0
Convert 5100423 (base 6) to base 16.
3ae3f
Convert -145223 (base 9) to base 3.
-11112020210
What is -1000010100010000000 (base 2) in base 7?
-2213332
What is 572011 (base 9) in base 10?
342640
-4815353 (base 11) to base 2
-100000000001111001010001
Convert -a9888 (base 12) to base 4.
-312232220
111702 (base 11) to base 6
3451252
Convert -a009e (base 16) to base 12.
-277426
-145303044 (base 6) to base 12
-1034a84
Convert 3200332023 (base 4) to base 15.
133073
Convert -435db0 (base 16) to base 13.
-bb7685
What is -2621721 (base 10) in base 13?
-70a41b
Convert 131333311131 (base 4) to base 14.
1089a8d
Convert 88273 (base 15) to base 5.
102320213
What is -1314215 (base 7) in base 13?
-60362
Convert 35031541 (base 6) to base 12.
43b5b1
What is 101002333311 (base 4) in base 2?
10001000010111111110101
What is 10891c7 (base 13) in base 10?
5075402
What is -6017a80 (base 11) in base 5?
-10211421442
What is 15221476 (base 9) in base 15?
9e8a96
27e15c (base 15) to base 14
37dd5d
What is -1132301130 (base 4) in base 2?
-1011110110001011100
-514145052 (base 6) to base 3
-121201002022012
935592 (base 12) to base 10
2311166
390a4 (base 12) to base 13
295b1
What is 22524252 (base 7) in base 2?
111100001100111111000
What is 56183a (base 12) in base 2?
101001110110101101110
Convert -234123 (base 7) to base 2.
-1010010100001111
What is -12010001212 (base 3) in base 5?
-11210102
What is 4374147 (base 9) in base 3?
11102111011121
Convert -151273 (base 14) to base 11.
-460902
631deb (base 15) to base 4
101333002112
414056 (base 7) to base 10
71042
Convert -153487 (base 10) to base 4.
-211132033
What is -31016 (base 8) in base 2?
-11001000001110
Convert 117753 (base 8) to base 9.
62137
What is -8b870c (base 15) in base 16?
-65a16e
What is -100011110100000111 (base 2) in base 9?
-243204
10211210003 (base 4) to base 16
125903
Convert -21e50 (base 15) to base 5.
-11422400
-20212010010 (base 3) to base 14
-37273
-470066 (base 8) to base 13
-57972
Convert -17651702 (base 9) to base 2.
-100001111010110000111101
What is 2012153 (base 6) in base 8?
271605
What is 396842 (base 11) in base 6?
21212310
-322130 (base 4) to base 10
-3740
Convert -110230211311 (base 4) to base 12.
-1997931
-12a959 (base 11) to base 5
-23023141
1720051 (base 8) to base 10
499753
What is 101101011101110011011 (base 2) in base 4?
11223232123
Convert -22361410 (base 7) to base 10.
-1947757
What is 20211000200 (base 3) in base 6?
2513030
What is 4759 (base 11) in base 10?
6235
What is 5033505 (base 6) in base 7?
2010611
What is -2211222303 (base 4) in base 11?
-423910
What is 11f1e8 (base 16) in base 8?
4370750
113000300 (base 5) to base 3
222012102000
What is 1301222111 (base 4) in base 7?
3646211
What is 26a6632 (base 11) in base 15?
622175
-22762632 (base 9) to base 11
-6290221
dd6a4 (base 16) to base 11
56a41a
122010121022 (base 3) to base 8
1222526
-2105486 (base 10) to base 7
-23616305
Convert 72757 (base 13) to base 12.
9ab74
Convert -46a1411 (base 11) to base 9.
-16378325
-30675047 (base 9) to base 14
-1d60568
What is 55471 (base 11) in base 3?
11002022121
10024682 (base 9) to base 5
2212041232
What is -6460011 (base 8) in base 5?
-420303041
4004 (base 16) to base 2
100000000000100
-1056c93 (base 15) to base 16
-b20596
Convert -2bc888 (base 13) to base 15.
-16655a
What is 1110110102200 (base 3) in base 7?
6413301
Convert -6c45eb (base 16) to base 13.
-16159ba
Convert 1152255 (base 10) to base 9.
2145533
What is -4722282 (base 10) in base 6?
-245114230
201425 (base 9) to base 13
42323
What is 1633066 (base 8) in base 3?
220000022211
Convert -5330615 (base 9) to base 5.
-1212321120
-13466704 (base 8) to base 15
-401856
256b7 (base 13) to base 15
157d1
116516454 (base 7) to base 5
3342223332
What is -68d2 (base 16) in base 2?
-110100011010010
What is -11230121312 (base 4) in base 15?
-1e73b8
-32332001 (base 4) to base 13
-21ba5
What is 293382 (base 13) in base 2?
11110101110011110111
What is -3350201 (base 8) in base 7?
-10460330
a059a58 (base 11) to base 14
25158c3
Convert -7d6ae (base 16) to base 8.
-1753256
1033401233 (base 5) to base 10
2247068
2615473 (base 8) to base 2
10110001101100111011
Convert 53633 (base 11) to base 12.
39148
Convert 6069520 (base 10) to base 4.
113021310100
What is -1356088 (base 9) in base 3?
-1101220002222
136720c (base 14) to base 10
9393116
What is -112031225 (base 7) in base 16?
-683cc9
-141455235 (base 7) to base 6
-530231410
What is -1001233123 (base 4) in base 3?
-111200101011
a31016 (base 12) to base 14
4a61b4
What is 7d856 (base 14) in base 12?
129270
What is 7db521 (base 16) in base 12?
29136a9
What is 31322111 (base 5) in base 9?
436805
128b29 (base 12) to base 4
1022221101
14455a7 (base 12) to base 4
33202210033
-4491a (base 13) to base 7
-1026124
What is 1000120200222 (base 3) in base 8?
2044250
-13451578 (base 9) to base 16
-656eca
What is -304241114 (base 5) in base 4?
-10233202110
4b48bb (base 14) to base 6
131234525
1157550 (base 8) to base 10
319336
1cd659 (base 15) to base 5
330142214
What is -166505 (base 7) in base 13?
-12347
Convert 34455002 (base 7) to base 6.
144435315
What is -5472581 (base 9) in base 16?
-2ce150
Convert 2100212010001 (base 3) to base 9.
2325101
11110110010101001111 (base 2) to base 5
224241400
-228a6 (base 12) to base 9
-70340
-20021002001111 (base 3) to base 10
-3327925
What is 100110121022 (base 3) in base 6?
3554355
21042 (base 9) to base 4
3121001
-2121302300 (base 5) to base 10
-4478450
What is -416757 (base 8) in base 6?
-2550143
Convert -33511342 (base 7) to base 14.
-55a992
Convert 5b4747 (base 15) to base 11.
2514460
-663045 (base 8) to base 6
-4435141
Convert -110102111221 (base 3) to base 6.
-5124211
-1f83da (base 16) to base 15
-2abe65
What is 2894493 (base 11) in base 15?
682559
What is 2d440d (base 14) in base 11?
994232
What is -55bda1 (base 14) in base 15?
-3c8668
Convert 44b4c (base 14) to base 6.
3324304
What is -9433842 (base 10) in base 7?
-143120625
What is -2014717 (base 8) in base 11?
-332962
-718735 (base 10) to base 9
-1314824
-30314115 (base 6) to base 9
-1558022
-2351012 (base 6) to base 7
-1022414
Convert -1255006 (base 8) to base 12.
-14ab72
Convert 83749 (base 10) to base 9.
136784
Convert -4cac0 (base 14) to base 2.
-101110000100110000
Convert 20110313 (base 4) to base 15.
a188
-11010110010011000 (base 2) to base 9
-176451
Convert 91999 (base 11) to base 14.
36d29
What is -29b785 (base 15) in base 14?
-3a5960
Convert 696081 (base 11) to base 12.
454172
-10101101111111011 (base 2) to base 7
-520501
Convert -1020021021012 (base 3) to base 7.
-5365100
Convert 11462130 (base 7) to base 16.
f9e5e
What is -1205215 (base 12) in base 11?
-1a76045
-917809 (base 15) to base 10
-6910434
808787 (base 9) to base 13
139c72
What is -2213012212 (base 4) in base 2?
-10100111000110100110
-1111101010101110011000 (base 2) to base 10
-4107160
Convert -24caa (base 14) to base 10.
-9